*z**4 - 17/2*z**2 - 13/6*z**3. What is the remainder when 24 is divided by q(15)?
11
Let c(q) = 2*q - 6. Let w be c(6). Calculate the remainder when 47 is divided by (-15)/w - 110/(-4).
22
Let k = 108 + -50. Let x = k - 42. What is the remainder when 2*(0 + 16 + -2) is divided by x?
12
Suppose 5*p - 1 = -2*c - 0, -1 = c + 4*p. What is the remainder when 15 is divided by c?
0
Calculate the remainder when 63 is divided by -2*(-4)/(8/11).
8
Let t(s) = 6*s - 34. Let q be t(7). Let a(b) = -b**2 + 14*b - 13. Calculate the remainder when a(q) is divided by 9.
8
Let a(x) = -2*x**2 + 15*x + 16. Let g be a(8). Let p(b) = -b**3 + 9*b**2 + 5*b + 1. Calculate the remainder when p(g) is divided by 27.
24
Suppose 0 = -29*u + 46*u - 272. Calculate the remainder when 174 is divided by u.
14
Let x be (-164)/(-9) + (-4)/18. Suppose -x = -2*s - 12. Suppose -7 + s = -w. What is the remainder when 6 is divided by w?
2
Suppose 0*m = 3*m - 9. Suppose 2 = -2*n + w + w, m*n - 2*w = -2. Suppose 2*y = -n*y + 30. What is the remainder when 42 is divided by y?
12
Let i = 43 - 38. Calculate the remainder when ((-51)/i)/((-3)/15) is divided by 18.
15
Suppose -10*a + 79 = -261. Calculate the remainder when 80 is divided by a.
12
Let j be (-16)/(3 + -7 + 2). Calculate the remainder when 11 is divided by (12/(-24))/((-1)/j) + 2.
5
Suppose 0 = -85*k + 3*k + 3526. What is the remainder when 67 is divided by k?
24
Let y(x) = -x**3 - 7*x**2 + 8*x + 4. Let q be y(-7). Let h = -25 - q. What is the remainder when h is divided by 7?
6
Let j = -5 - -7. Let x = -10 + 3. Let t = x - -14. Calculate the remainder when t is divided by j.
1
Suppose 50*o - 47*o + 216 = 0. Let q = -56 - o. What is the remainder when 56 is divided by q?
8
Suppose 14*c - 400 = -162. Calculate the remainder when 52 is divided by c.
1
Let h be (14/(-6))/((-3)/9). Suppose -w + 52 - h = 0. What is the remainder when 174 is divided by w?
39
Suppose 3*r = -n - 21, -4*n + 3*r = -r + 132. Let c = 32 + n. What is the remainder when 7 is divided by c?
1
Let v be (6/2 - -1) + (132 - 3). Suppose -5*y - 2*d + v = -0*y, 0 = -5*y + 3*d + 113. What is the remainder when y is divided by 13?
12
Let u = -224 - -333. Calculate the remainder when u is divided by 56.
53
Let h(x) be the first derivative of x**3/3 - 17*x**2/2 - 14*x + 15. Calculate the remainder when 69 is divided by h(19).
21
Let g = -93 + 93. Let z(d) = d**3 - d**2 - d + 216. What is the remainder when z(g) is divided by 31?
30
Let r = 448 - 376. Calculate the remainder when r is divided by 3.
0
Let f be -3 + 7/(21/18). Let h(c) = 2*c**2 - 2*c - 1. Suppose -l = -0*l + 2*r - 31, 93 = 3*l + 5*r. Calculate the remainder when l is divided by h(f).
9
Calculate the remainder when ((-24)/40)/((-9)/930) is divided by 11.
7
Suppose 483 = 2*w + 3*y, 1410 = -8*w + 14*w - 4*y. What is the remainder when w is divided by 48?
45
Suppose 4*w + 4*v - 110 = 2*v, 3*w + 3*v - 78 = 0. Calculate the remainder when w is divided by 22/2 + 3 + 5 + -11.
5
Suppose -u = 2*s - 5*u + 4, 2*s - 2*u = 0. Let q = 85 - 61. What is the remainder when (s - (-115)/(-20))/(2/(-24)) is divided by q?
21
Let g be 3 + 0 + (-21 - -2). Let c = g + 35. Calculate the remainder when -4*((-185)/15)/((-2)/(-3)) is divided by c.
17
Let i(x) = x**3 + 5*x**2 - 4*x - 3. Let b be i(-6). What is the remainder when 6 is divided by (-12)/8*20/b?
0
What is the remainder when (1 - 102/24)/((-1)/24) is divided by 27?
24
Suppose -7*y + 10*y - 24 = 3*j, 0 = 2*y - 3*j - 21. Calculate the remainder when 27 is divided by y.
0
Let m = 55 + -38. What is the remainder when 134 is divided by m?
15
Suppose 915 = 4*h - d, -h - 3*h = -3*d - 921. What is the remainder when h is divided by 18?
12
Suppose 4*f = -0*g + 4*g - 260, -4*f = -3*g + 194. What is the remainder when 592 is divided by g?
64
Suppose 17*i - 306 = -i. Calculate the remainder when 80 is divided by i.
12
Suppose -3*q + 2*y + 398 = 0, 0 = -18*y + 16*y - 8. What is the remainder when q is divided by 34?
28
Suppose 2*b = -3*o + 39, -4*b = 4*o + 1 - 53. Suppose -2*f - 6*f = f. Suppose f*d = -d + o. Calculate the remainder when 51 is divided by d.
12
Let j(f) = 19*f - 4. Let k be j(-2). Suppose 0 = -4*s + 2*b - 66, -3*s - 39 - 7 = 2*b. Let h = s - k. Calculate the remainder when 102 is divided by h.
24
Let k = -23 - -61. Suppose -215 + k = -3*b. What is the remainder when b is divided by 12?
11
Let a(x) = x**2 + 4*x. Let u be (-23)/6 - (-1)/(-6). Let s be a(u). Calculate the remainder when 62 is divided by -3 - ((-16)/1 - s).
10
Let y = -365 + 570. Calculate the remainder when y is divided by 30.
25
Let c(z) be the second derivative of -13*z**5/20 - z**3/6 + z**2 - 3*z. Let o be c(-2). What is the remainder when 31 is divided by (-40)/6*o/(-45)?
15
Let c(f) = f**3 - 18*f**2 + f + 26. Calculate the remainder when 78 is divided by c(18).
34
Let i = -815 + 830. Calculate the remainder when 1707 is divided by i.
12
Let j = -7 - 7. Let h = j + 15. What is the remainder when h is divided by 1?
0
Let z be 2*(1 + 2 + -1 + 0). Suppose -2*p = -5*p - s + 3, -4*p + s - 3 = 0. Suppose 0 = -p*f + z*f - 52. Calculate the remainder when 24 is divided by f.
11
Suppose -5*z = -3*v + 70, 0 = -2*v + 3*z - 16 + 62. Let t be (3/2)/(6/8). Suppose 78 = -f + t*f. Calculate the remainder when f is divided by v.
18
Let a = -3 - -5. Suppose -a*u = u - 99. Suppose -62*s + 1344 = 50*s. Calculate the remainder when u is divided by s.
9
Let d(h) = -h + 154. Calculate the remainder when d(-50) is divided by 66.
6
Calculate the remainder when 26 is divided by (2/(-3))/(28/(-294)).
5
Let i(j) = -j**2 - 10*j - 15. Let u be (-1)/((-12)/(-10) + -1). What is the remainder when 806/30 - (-4)/30 is divided by i(u)?
7
What is the remainder when (-49)/1*10/(-10) + 6 is divided by 4/(-2) - -14 - -3?
10
Let f(d) = -d**3 - 13*d**2 + 2*d + 14. Let i(a) = -a**2 + 1. Let o(r) = -f(r) + 4*i(r). Calculate the remainder when 31 is divided by o(-9).
7
Let s(i) = -6*i + 59. Suppose 15 = n - 0*n - 4*v, -4*n + 34 = -3*v. Let j = n - -3. Calculate the remainder when s(7) is divided by j.
7
Suppose 4*x = 3*i - 2 + 23, -i - 18 = -5*x. Suppose -5*o - g = -87, 4*o - 2*g - 2*g = 60. Calculate the remainder when o is divided by x.
2
Suppose 12*r = 9*r - 114. Let c = 30 + -14. Calculate the remainder when (-12)/c - r/8 is divided by 3.
1
Suppose -12 = -q + j, -3*q = 4*j - j - 66. Suppose 7*b + 40 = q*b. Calculate the remainder when 87 is divided by b.
3
Let m(p) = -p**3 - 21*p**2 - 38*p + 2. Let w be m(-19). Suppose -3*c + w*c + 2*j + 16 = 0, 3*c - 51 = 5*j. What is the remainder when 50 is divided by c?
6
Suppose -2 = t - 19. Let o(s) = s**3 - 9*s**2 + 9*s - 14. Calculate the remainder when o(9) is divided by t.
16
Let w be (-24*(-8)/12)/1. Calculate the remainder when 20 is divided by 11 + 0 + w/8.
7
Let a = -447 - -476. Calculate the remainder when a is divided by ((-51)/(-12))/(6/24).
12
Let w(h) = -7*h - 68. Calculate the remainder when 10 is divided by w(-10).
0
Suppose -9*g + 198 = -0*g. Calculate the remainder when 61 is divided by g.
17
What is the remainder when 203 is divided by 140/(-315) - (130/(-9) + 1)?
8
Let h(w) = -2*w**3 + 57*w**2 - 25*w - 19. Calculate the remainder when h(28) is divided by 23.
19
Let s be (15/(-6))/(-1 + (-1)/(-2)). Suppose 0 = -5*u + 5*q + 65, -6*q = -s*u - 2*q + 69. What is the remainder when 47 is divided by u?
13
Suppose 54 = 4*h - h. Calculate the remainder when (-49544)/(-968) - (4/22 - 0) is divided by h.
15
Let m = 16 - 4. What is the remainder when 226 is divided by m?
10
Suppose -56*w + 32 = 5*b - 60*w, -3*b + 3*w = -18. Let n(l) = -l**3 - 5*l**2 - 6*l - 6. Calculate the remainder when n(-5) is divided by b.
0
Suppose 0 = -58*g + 57*g - d + 14, -5*d = 3*g - 42. Let s(x) = 7*x**2 - 3*x - 4. Calculate the remainder when s(4) is divided by g.
12
Let z(j) = -j**3 + 11*j**2 + 18*j + 43. Calculate the remainder when z(11) is divided by 62.
55
Let r(y) = 20*y**2 - 9*y - 17. What is the remainder when r(-3) is divided by 32?
30
Let d = -136 - -148. Calculate the remainder when 179 is divided by 54*d/9*(-3)/(-6).
35
Suppose -36*b + 4939 + 101 = 0. What is the remainder when b is divided by 111?
29
Let i be -11 + 3 + (0 - 2). Let w = 10 - i. Let f = 25 + 12. Calculate the remainder when f is divided 